011111
In base 7, what is -4 - 1304002302?
-1304002306
In base 13, what is 57 - 639731?
-6396a7
In base 2, what is -1111111100100000011 - -1111011?
-1111111100010001000
In base 16, what is 59 + -94f6?
-949d
In base 14, what is 152 - 17785?
-17633
In base 16, what is c87396 + 13?
c873a9
In base 9, what is 1581143 + -118?
1581024
In base 16, what is 4 - 171f42?
-171f3e
In base 14, what is -87 - -d060?
cdb7
In base 12, what is -2b1 + -645?
-936
In base 7, what is 2234400210 + -1?
2234400206
In base 14, what is -7a6c - 5895?
-d523
In base 5, what is -23122223 - 10?
-23122233
In base 9, what is -173 + -418074?
-418257
In base 13, what is 9 + -554497?
-55448b
In base 11, what is 6 + -1283621?
-1283616
In base 10, what is 0 - -1517821?
1517821
In base 4, what is -33302030213 - -321?
-33302023232
In base 3, what is -2200210011 - 100201?
-2201010212
In base 7, what is 2511 - -121036?
123550
In base 10, what is -645 - 12508?
-13153
In base 15, what is 3b9 + 2cbd2?
2d09b
In base 4, what is -200301223211211 - 3?
-200301223211220
In base 3, what is 1021102212110 - 20?
1021102212020
In base 16, what is 6c1fa + -e?
6c1ec
In base 14, what is -a6 - 21b320?
-21b3c6
In base 10, what is -9073 + -88658?
-97731
In base 6, what is 5 - -302402053?
302402102
In base 10, what is -5 - 67930287?
-67930292
In base 8, what is 673463 + -7?
673454
In base 11, what is -715 + 99318?
98703
In base 2, what is 110111101000101 + -111010110101000?
-11001100011
In base 2, what is 100111101101011 - -11110011001010?
1000110000110101
In base 8, what is 430 + -1711736?
-1711306
In base 8, what is -274704572 - -1?
-274704571
In base 11, what is 6 - 65507?
-65501
In base 15, what is -6dd - 6b3ac?
-6ba9a
In base 12, what is 1101370 + 8?
1101378
In base 14, what is 40b + -57b?
-170
In base 2, what is 111011001001110101111 - 11?
111011001001110101100
In base 14, what is 8280499 + -1?
8280498
In base 16, what is -4dc3c4 - -4?
-4dc3c0
In base 14, what is -250b23 - 1c?
-250b41
In base 3, what is -12 - -11021210002220?
11021210002201
In base 8, what is -260 - 4150454?
-4150734
In base 3, what is 122100101011 + 101121?
122100202202
In base 6, what is -52113151 + -4?
-52113155
In base 2, what is 100111 + 11011000100100111011100?
11011000100101000000011
In base 11, what is 1a + 201921?
201940
In base 13, what is -2427c - 60c5?
-2a374
In base 8, what is 764 + -12141431?
-12140445
In base 6, what is 32455255 + -13?
32455242
In base 5, what is 10043211313 + -2?
10043211311
In base 5, what is 0 - 144303101234?
-144303101234
In base 10, what is 1749 - 27815?
-26066
In base 2, what is -100 + -10110100110100000110111?
-10110100110100000111011
In base 13, what is 5 - -457741?
457746
In base 16, what is -20ac24 - 3?
-20ac27
In base 6, what is 10012103155 - 5?
10012103150
In base 6, what is 15133 - 11454?
3235
In base 4, what is -123321032232 + 1230?
-123321031002
In base 15, what is -6 - 2266024?
-226602a
In base 6, what is 11335034025 + -4?
11335034021
In base 10, what is 107165 - -27?
107192
In base 9, what is -454 + 13673?
13218
In base 16, what is 5 - 87def?
-87dea
In base 13, what is 16b - -239684?
239822
In base 5, what is 21 + -1004003213?
-1004003142
In base 11, what is 14617676 + -4?
14617672
In base 10, what is 9 + -10101590?
-10101581
In base 2, what is -1000001010011 - -1101100110110?
101011100011
In base 16, what is -5f6 - -1a55a?
19f64
In base 12, what is 12773 - 476?
122b9
In base 15, what is -192a6c3 + 1?
-192a6c2
In base 5, what is 3 - 1224334024?
-1224334021
In base 14, what is -23dc2a + 56?
-23dbb4
In base 16, what is 5 - 212781?
-21277c
In base 10, what is 130787 - -5?
130792
In base 8, what is -77742 - 1412?
-101354
In base 10, what is 137253 + -5660?
131593
In base 12, what is 96b5 - 223?
9492
In base 15, what is 1b524b - -2?
1b524d
In base 11, what is -372a9 + 16981?
-20428
In base 15, what is -9 + -6a863e?
-6a8648
In base 6, what is 33300413 + 5?
33300422
In base 6, what is -34400005 + -22?
-34400031
In base 10, what is -11376968 - -9?
-11376959
In base 12, what is -23aa - 1b60?
-434a
In base 9, what is 461372245 + 1?
461372246
In base 12, what is 25398670 - 0?
25398670
In base 16, what is -34 - 1b59f?
-1b5d3
In base 9, what is 152726 - 24?
152702
In base 8, what is 1715721 + 52?
1715773
In base 12, what is -3 + 13a4aa4?
13a4aa1
In base 9, what is -8151623 - 0?
-8151623
In base 7, what is -22634 + -16320?
-42254
In base 13, what is c23a35 + 3?
c23a38
In base 8, what is -6 - 15060105?
-15060113
In base 7, what is 5 - -1260421523?
1260421531
In base 8, what is -1025 + 3406777?
3405752
In base 12, what is -3b9645 + -684?
-3ba109
In base 13, what is a + -5b0679?
-5b066c
In base 15, what is -a - -e7d10?
e7d05
In base 13, what is -155122 + 3?
-15511c
In base 8, what is 472465175 - 2?
472465173
In base 11, what is 2 - -108854139?
108854140
In base 16, what is 35fe + 49eb?
7fe9
In base 4, what is 331332232123023 - -10?
331332232123033
In base 8, what is 25426107 + 33?
25426142
In base 15, what is -6b80 + -231c?
-8e9c
In base 12, what is -5a66 - -245?
-5821
In base 9, what is -75 - -7236815?
7236730
In base 15, what is -2a889 - 387a?
-2e214
In base 15, what is -8181d - 7?
-81825
In base 10, what is -7896021 + 118?
-7895903
In base 12, what is 3 + 289a220?
289a223
In base 13, what is 1a0206 + -20?
1a01b6
In base 13, what is -3 + 18aaa70?
18aaa6a
In base 11, what is -4a70 - 104?
-5074
In base 13, what is -309945 - -cb?
-309847
In base 2, what is -100 - 1000111110001101110000?
-1000111110001101110100
In base 6, what is -245 - 1042125322?
-1042130011
In base 12, what is 23a22 - -1010?
24a32
In base 2, what is -10000111110110 - 110111111?
-10001110110101
In base 10, what is 0 + 249618?
249618
In base 13, what is -1 + -23aac36b?
-23aac36c
In base 15, what is 14e3939 + 3?
14e393c
In base 15, what is -747bbbc - 3?
-747bbc0
In base 2, what is -100010 - 101101011110100010111101?
-101101011110100011011111
In base 13, what is bba0b - -6c?
bba7a
In base 4, what is -11 - -2130211202201?
2130211202130
In base 7, what is 5 + 3651455?
3651463
In base 8, what is 1071 + -255406?
-254315
In base 7, what is -11 - 31550600?
-31550611
In base 11, what is 20 + 2a94375?
2a94395
In base 9, what is 1 - 825562272?
-825562271
In base 13, what is 3686b9 + 40?
368729
In base 12, what is -32ba6 + 2780?
-30426
In base 13, what is 3b10a8 + -b6?
3b0cc2
In base 14, what is -3 + 42c96c?
42c969
In base 3, what is -1210 - 10221110210?
-10221112120
In base 9, what is -708017 - 663?
-708681
In base 12, what is -aba342b - 5?
-aba3434
In base 3, what is -1111021202220 - 1022020?
-1111100002010
In base 2, what is 11 + -110010101001110110?
-110010101001110011
In base 8, what is -17621 - -2711?
-14710
In base 13, what is -bb5c3a4 - -9?
-bb5c398
In base 5, what is -3121 + -12134344?
-12143020
In base 8, what is 1242764 + 37?
1243023
In base 12, what is -6 - 1b976b3a?
-1b976b44
In base 12, what is 3 + 831512?
831515
In base 5, what is -321321003 + -1?
-321321004
In base 11, what is -2702 - 5929?
-8530
In base 13, what is -4 - -23083c20?
23083c19
In base 14, what is 12bb241d3 - -3?
12bb241d6
In base 8, what is 1125351277 - 3?
1125351274
In base 16, what is 1516 - 404a?
-2b34
In base 7, what is -1412 - -33023?
31311
In base 14, what is 13d7880 + 1?
13d7881
In base 7, what is -4256346 + -122?
-4256501
In base 8, what is 2433 - 412603?
-410150
In base 13, what is -487 - -a3a5?
9c1b
In base 4, what is -10311 + -213113301?
-213130212
In base 3, what is 11 - -11020222101110?
11020222101121
In base 5, what is -401413201 + -121?
-401413322
In base 9, what is 12358 + -16530?
-4161
In base 8, what is 52432 - -4660?
57312
In base 10, what is 3 - -8843372?
8843375
In base 13, what is -cc9 - -1a1a3?
191a7
In base 10, what is -80 - 2575913?
-2575993
In base 8, what is -3 + -55252016?
-55252021
In base 3, what is -1102 - -1120020002121211?
1120020002120102
In base 7, what is 145002535 - -21?
145002556
In base 5, what is 2334 - 231320043?
-231312204
In base 16, what is 1 + f16457?
f16458
In base 10, what is 4568 + -58857?
-54289
In base 8, what is 723302 + 40?
723342
In base 15, what is -16d2 - 16da1?
-18583
In base 11, what is 16123904 - 0?
16123904
In base 4, what is -1112 - -31203111313?
31203110201
In base 4, what is -301210000 + 21030?
-301122310